{"id":2350,"date":"2021-04-08T01:23:15","date_gmt":"2021-04-08T01:23:15","guid":{"rendered":"http:\/\/nep.edu.co\/?page_id=2350"},"modified":"2021-05-25T02:40:12","modified_gmt":"2021-05-25T02:40:12","slug":"sedes-y-jornadas","status":"publish","type":"page","link":"https:\/\/nep.edu.co\/index.php\/sedes-y-jornadas\/","title":{"rendered":"Sedes y Jornadas"},"content":{"rendered":"\t\t<div data-elementor-type=\"wp-page\" data-elementor-id=\"2350\" class=\"elementor elementor-2350\">\n\t\t\t\t\t\t<section class=\"elementor-section elementor-top-section elementor-element elementor-element-f832c32 elementor-section-boxed elementor-section-height-default elementor-section-height-default\" data-id=\"f832c32\" data-element_type=\"section\" data-e-type=\"section\">\n\t\t\t\t\t\t<div class=\"elementor-container elementor-column-gap-default\">\n\t\t\t\t\t<div class=\"elementor-column elementor-col-100 elementor-top-column elementor-element elementor-element-739954f\" data-id=\"739954f\" data-element_type=\"column\" data-e-type=\"column\">\n\t\t\t<div class=\"elementor-widget-wrap elementor-element-populated\">\n\t\t\t\t\t\t<div class=\"elementor-element elementor-element-ff16a66 elementor-widget elementor-widget-heading\" data-id=\"ff16a66\" data-element_type=\"widget\" data-e-type=\"widget\" data-widget_type=\"heading.default\">\n\t\t\t\t<div class=\"elementor-widget-container\">\n\t\t\t\t\t<h2 class=\"elementor-heading-title elementor-size-default\">Sedes<\/h2>\t\t\t\t<\/div>\n\t\t\t\t<\/div>\n\t\t\t\t\t<\/div>\n\t\t<\/div>\n\t\t\t\t\t<\/div>\n\t\t<\/section>\n\t\t\t\t<section class=\"elementor-section elementor-top-section elementor-element elementor-element-116cd13 elementor-section-boxed elementor-section-height-default elementor-section-height-default\" data-id=\"116cd13\" data-element_type=\"section\" data-e-type=\"section\">\n\t\t\t\t\t\t<div class=\"elementor-container elementor-column-gap-default\">\n\t\t\t\t\t<div class=\"elementor-column elementor-col-100 elementor-top-column elementor-element elementor-element-c380a48\" data-id=\"c380a48\" data-element_type=\"column\" data-e-type=\"column\">\n\t\t\t<div class=\"elementor-widget-wrap elementor-element-populated\">\n\t\t\t\t\t\t<div class=\"elementor-element elementor-element-d806018 elementor-widget elementor-widget-heading\" data-id=\"d806018\" data-element_type=\"widget\" data-e-type=\"widget\" data-widget_type=\"heading.default\">\n\t\t\t\t<div class=\"elementor-widget-container\">\n\t\t\t\t\t<h2 class=\"elementor-heading-title elementor-size-default\">Nueva Esperanza la Palma<\/h2>\t\t\t\t<\/div>\n\t\t\t\t<\/div>\n\t\t\t\t<header class=\"elementor-section elementor-inner-section elementor-element elementor-element-91d9326 elementor-section-full_width elementor-section-height-default elementor-section-height-default\" data-id=\"91d9326\" data-element_type=\"section\" data-e-type=\"section\">\n\t\t\t\t\t\t<div class=\"elementor-container elementor-column-gap-default\">\n\t\t\t\t\t<div class=\"elementor-column elementor-col-50 elementor-inner-column elementor-element elementor-element-66d37be\" data-id=\"66d37be\" data-element_type=\"column\" data-e-type=\"column\">\n\t\t\t<div class=\"elementor-widget-wrap elementor-element-populated\">\n\t\t\t\t\t\t<div class=\"elementor-element elementor-element-b015cd5 elementor-widget elementor-widget-image\" data-id=\"b015cd5\" data-element_type=\"widget\" data-e-type=\"widget\" data-widget_type=\"image.default\">\n\t\t\t\t<div class=\"elementor-widget-container\">\n\t\t\t\t\t\t\t\t\t\t\t\t\t\t\t<img fetchpriority=\"high\" decoding=\"async\" width=\"640\" height=\"721\" src=\"https:\/\/nep.edu.co\/wp-content\/uploads\/2021\/05\/lapalma.jpg\" class=\"attachment-large size-large wp-image-2892\" alt=\"\" srcset=\"https:\/\/nep.edu.co\/wp-content\/uploads\/2021\/05\/lapalma.jpg 640w, https:\/\/nep.edu.co\/wp-content\/uploads\/2021\/05\/lapalma-266x300.jpg 266w, https:\/\/nep.edu.co\/wp-content\/uploads\/2021\/05\/lapalma-130x146.jpg 130w, https:\/\/nep.edu.co\/wp-content\/uploads\/2021\/05\/lapalma-44x50.jpg 44w, https:\/\/nep.edu.co\/wp-content\/uploads\/2021\/05\/lapalma-67x75.jpg 67w\" sizes=\"(max-width: 640px) 100vw, 640px\" \/>\t\t\t\t\t\t\t\t\t\t\t\t\t\t\t<\/div>\n\t\t\t\t<\/div>\n\t\t\t\t\t<\/div>\n\t\t<\/div>\n\t\t\t\t<div class=\"elementor-column elementor-col-50 elementor-inner-column elementor-element elementor-element-0d7c24b\" data-id=\"0d7c24b\" data-element_type=\"column\" data-e-type=\"column\">\n\t\t\t<div class=\"elementor-widget-wrap elementor-element-populated\">\n\t\t\t\t\t\t<div class=\"elementor-element elementor-element-46e33b8 elementor-widget elementor-widget-text-editor\" data-id=\"46e33b8\" data-element_type=\"widget\" data-e-type=\"widget\" data-widget_type=\"text-editor.default\">\n\t\t\t\t<div class=\"elementor-widget-container\">\n\t\t\t\t\t\t\t\t\t<h2>Ubicaci\u00f3n<\/h2>\nLa Instituci\u00f3n se encuentra ubicada en el corregimiento 14 y tiene 2 sedes, La Palma y la Mie El corregimiento tiene los siguientes l\u00edmites:\n\n<strong>\u00a0<\/strong>Por el sur en la Vereda Alto de Gualanday y el Municipio de San Luis; por el oriente con el Municipio de San Luis, por el Norte con la Vereda Picale\u00f1a-sector rural y por el occidente con la Vereda Brice\u00f1o y el Municipio de Coello\u201d (Secretar\u00eda de Planeaci\u00f3n Municipal, 2007)\n\nEs el corregimiento de mayor extensi\u00f3n con un total de 25.045 Has, ocupando solo 158 de \u00e9stas en centro poblado (sitio con m\u00e1s de 20 viviendas)\n\nVeredas que conforman el corregimiento, Alto de Gualanday, Brice\u00f1o, Buenos Aires, Picale\u00f1a sector rural y per\u00edmetro urbano.\n\n<iframe src=\"https:\/\/www.google.com\/maps\/embed?pb=!1m18!1m12!1m3!1d3978.4274356637384!2d-75.08620838478075!3d4.330551196852418!2m3!1f0!2f0!3f0!3m2!1i1024!2i768!4f13.1!3m3!1m2!1s0x8e38d14aa3f4cb45%3A0xb909bf175a2ae0dd!2sInstituci%C3%B3n%20Educativa%20Nueva%20Esperanza%2C%20La%20Palma%20(Ienelap).!5e0!3m2!1ses!2sco!4v1621910027862!5m2!1ses!2sco\" width=\"600\" height=\"450\" style=\"border:0;\" allowfullscreen=\"\" loading=\"lazy\"><\/iframe>\t\t\t\t\t\t\t\t<\/div>\n\t\t\t\t<\/div>\n\t\t\t\t\t<\/div>\n\t\t<\/div>\n\t\t\t\t\t<\/div>\n\t\t<\/header>\n\t\t\t\t\t<\/div>\n\t\t<\/div>\n\t\t\t\t\t<\/div>\n\t\t<\/section>\n\t\t\t\t<section class=\"elementor-section elementor-top-section elementor-element elementor-element-64e1a65 elementor-section-boxed elementor-section-height-default elementor-section-height-default\" data-id=\"64e1a65\" data-element_type=\"section\" data-e-type=\"section\">\n\t\t\t\t\t\t<div class=\"elementor-container elementor-column-gap-default\">\n\t\t\t\t\t<div class=\"elementor-column elementor-col-100 elementor-top-column elementor-element elementor-element-e1aef7e\" data-id=\"e1aef7e\" data-element_type=\"column\" data-e-type=\"column\">\n\t\t\t<div class=\"elementor-widget-wrap elementor-element-populated\">\n\t\t\t\t\t\t<div class=\"elementor-element elementor-element-8fd4e1f elementor-widget elementor-widget-heading\" data-id=\"8fd4e1f\" data-element_type=\"widget\" data-e-type=\"widget\" data-widget_type=\"heading.default\">\n\t\t\t\t<div class=\"elementor-widget-container\">\n\t\t\t\t\t<h2 class=\"elementor-heading-title elementor-size-default\">La Miel<\/h2>\t\t\t\t<\/div>\n\t\t\t\t<\/div>\n\t\t\t\t<section class=\"elementor-section elementor-inner-section elementor-element elementor-element-a846adf elementor-section-boxed elementor-section-height-default elementor-section-height-default\" data-id=\"a846adf\" data-element_type=\"section\" data-e-type=\"section\">\n\t\t\t\t\t\t<div class=\"elementor-container elementor-column-gap-default\">\n\t\t\t\t\t<div class=\"elementor-column elementor-col-50 elementor-inner-column elementor-element elementor-element-139ae6d\" data-id=\"139ae6d\" data-element_type=\"column\" data-e-type=\"column\">\n\t\t\t<div class=\"elementor-widget-wrap elementor-element-populated\">\n\t\t\t\t\t\t<div class=\"elementor-element elementor-element-0e5aac8 elementor-widget elementor-widget-text-editor\" data-id=\"0e5aac8\" data-element_type=\"widget\" data-e-type=\"widget\" data-widget_type=\"text-editor.default\">\n\t\t\t\t<div class=\"elementor-widget-container\">\n\t\t\t\t\t\t\t\t\tLa sede Nueva Esperanza, ubicada en la antigua HACIENDA LA MIEL, habitada por los desplazados de la costa Atl\u00e1ntica, tras haberla recibido del gobierno nacional a trav\u00e9s del INCODER y visionada como un asentamiento coste\u00f1o en Ibagu\u00e9.\n\nLa USAID Y la ALCALDIA de Ibagu\u00e9, construyeron nueve aulas de clase con bater\u00eda sanitaria, que fue entregada a la comunidad en mayo de 2010.\n\nCon los exiguos recursos de gratuidad, se ha venido interviniendo progresivamente esta sede, mejorando las instalaciones donde inicio la escuela, (Casa de trabajadores de la hacienda) que ten\u00eda aspecto muy deplorable.\n<iframe src=\"https:\/\/www.google.com\/maps\/embed?pb=!1m18!1m12!1m3!1d13381.262214160653!2d-75.10016639100681!3d4.3598118829103765!2m3!1f0!2f0!3f0!3m2!1i1024!2i768!4f13.1!3m3!1m2!1s0x8e38d1074134dbe3%3A0x6c6999ce356a3bcd!2sInstituci%C3%B3n%20Educativa%20Nueva%20Esperanza%20la%20Palma%20(sede%20Nueva%20Esperanza).!5e0!3m2!1ses!2sco!4v1621910383980!5m2!1ses!2sco\" width=\"600\" height=\"450\" style=\"border:0;\" allowfullscreen=\"\" loading=\"lazy\"><\/iframe>\t\t\t\t\t\t\t\t<\/div>\n\t\t\t\t<\/div>\n\t\t\t\t\t<\/div>\n\t\t<\/div>\n\t\t\t\t<div class=\"elementor-column elementor-col-50 elementor-inner-column elementor-element elementor-element-6bb8d46\" data-id=\"6bb8d46\" data-element_type=\"column\" data-e-type=\"column\">\n\t\t\t<div class=\"elementor-widget-wrap elementor-element-populated\">\n\t\t\t\t\t\t<div class=\"elementor-element elementor-element-2736e2d elementor-widget elementor-widget-image\" data-id=\"2736e2d\" data-element_type=\"widget\" data-e-type=\"widget\" data-widget_type=\"image.default\">\n\t\t\t\t<div class=\"elementor-widget-container\">\n\t\t\t\t\t\t\t\t\t\t\t\t\t\t\t<img decoding=\"async\" width=\"1024\" height=\"661\" src=\"https:\/\/nep.edu.co\/wp-content\/uploads\/2021\/05\/lamiel-1024x661.jpg\" class=\"attachment-large size-large wp-image-2911\" alt=\"\" srcset=\"https:\/\/nep.edu.co\/wp-content\/uploads\/2021\/05\/lamiel-1024x661.jpg 1024w, https:\/\/nep.edu.co\/wp-content\/uploads\/2021\/05\/lamiel-300x194.jpg 300w, https:\/\/nep.edu.co\/wp-content\/uploads\/2021\/05\/lamiel-768x495.jpg 768w, https:\/\/nep.edu.co\/wp-content\/uploads\/2021\/05\/lamiel-226x146.jpg 226w, https:\/\/nep.edu.co\/wp-content\/uploads\/2021\/05\/lamiel-50x32.jpg 50w, https:\/\/nep.edu.co\/wp-content\/uploads\/2021\/05\/lamiel-116x75.jpg 116w, https:\/\/nep.edu.co\/wp-content\/uploads\/2021\/05\/lamiel.jpg 1054w\" sizes=\"(max-width: 1024px) 100vw, 1024px\" \/>\t\t\t\t\t\t\t\t\t\t\t\t\t\t\t<\/div>\n\t\t\t\t<\/div>\n\t\t\t\t\t<\/div>\n\t\t<\/div>\n\t\t\t\t\t<\/div>\n\t\t<\/section>\n\t\t\t\t\t<\/div>\n\t\t<\/div>\n\t\t\t\t\t<\/div>\n\t\t<\/section>\n\t\t\t\t<section class=\"elementor-section elementor-top-section elementor-element elementor-element-44b1b90 elementor-section-boxed elementor-section-height-default elementor-section-height-default\" data-id=\"44b1b90\" data-element_type=\"section\" data-e-type=\"section\">\n\t\t\t\t\t\t<div class=\"elementor-container elementor-column-gap-default\">\n\t\t\t\t\t<div class=\"elementor-column elementor-col-100 elementor-top-column elementor-element elementor-element-b3b8810\" data-id=\"b3b8810\" data-element_type=\"column\" data-e-type=\"column\">\n\t\t\t<div class=\"elementor-widget-wrap elementor-element-populated\">\n\t\t\t\t\t\t<div class=\"elementor-element elementor-element-e9e419a elementor-widget elementor-widget-heading\" data-id=\"e9e419a\" data-element_type=\"widget\" data-e-type=\"widget\" data-widget_type=\"heading.default\">\n\t\t\t\t<div class=\"elementor-widget-container\">\n\t\t\t\t\t<h2 class=\"elementor-heading-title elementor-size-default\">Jornadas<\/h2>\t\t\t\t<\/div>\n\t\t\t\t<\/div>\n\t\t\t\t\t<\/div>\n\t\t<\/div>\n\t\t\t\t\t<\/div>\n\t\t<\/section>\n\t\t\t\t<section class=\"elementor-section elementor-top-section elementor-element elementor-element-b4b6eea elementor-section-boxed elementor-section-height-default elementor-section-height-default\" data-id=\"b4b6eea\" data-element_type=\"section\" data-e-type=\"section\">\n\t\t\t\t\t\t<div class=\"elementor-container elementor-column-gap-default\">\n\t\t\t\t\t<div class=\"elementor-column elementor-col-100 elementor-top-column elementor-element elementor-element-64eecb7\" data-id=\"64eecb7\" data-element_type=\"column\" data-e-type=\"column\">\n\t\t\t<div class=\"elementor-widget-wrap elementor-element-populated\">\n\t\t\t\t\t\t<div class=\"elementor-element elementor-element-87d2e64 elementor-widget elementor-widget-text-editor\" data-id=\"87d2e64\" data-element_type=\"widget\" data-e-type=\"widget\" data-widget_type=\"text-editor.default\">\n\t\t\t\t<div class=\"elementor-widget-container\">\n\t\t\t\t\t\t\t\t\t<p><img decoding=\"async\" class=\"alignright wp-image-2653 size-medium\" src=\"http:\/\/nep.edu.co\/wp-content\/uploads\/2021\/05\/slide6-300x169.jpg\" alt=\"\" width=\"300\" height=\"169\" srcset=\"https:\/\/nep.edu.co\/wp-content\/uploads\/2021\/05\/slide6-300x169.jpg 300w, https:\/\/nep.edu.co\/wp-content\/uploads\/2021\/05\/slide6-1024x576.jpg 1024w, https:\/\/nep.edu.co\/wp-content\/uploads\/2021\/05\/slide6-768x432.jpg 768w, https:\/\/nep.edu.co\/wp-content\/uploads\/2021\/05\/slide6-1536x865.jpg 1536w, https:\/\/nep.edu.co\/wp-content\/uploads\/2021\/05\/slide6-260x146.jpg 260w, https:\/\/nep.edu.co\/wp-content\/uploads\/2021\/05\/slide6-50x28.jpg 50w, https:\/\/nep.edu.co\/wp-content\/uploads\/2021\/05\/slide6-133x75.jpg 133w, https:\/\/nep.edu.co\/wp-content\/uploads\/2021\/05\/slide6.jpg 1631w\" sizes=\"(max-width: 300px) 100vw, 300px\" \/>(Decreto 1850 de 2002). Jornada Escolar definida como el tiempo diario que dedica el establecimiento educativo a sus estudiantes en la prestaci\u00f3n directa o indirecta del servicio p\u00fablico educativo, de conformidad con las normas vigentes sobre calendario acad\u00e9mico y con el plan de estudios.<\/p><p>El horario de la jornada escolar es definido por el rector o rectora, al comienzo de cada a\u00f1o lectivo, de conformidad con las normas vigentes, el proyecto educativo institucional y el plan de estudios, y debe cumplirse durante las cuarenta (40) semanas lectivas establecidas por la Ley 115 de 1994 y fijadas por el calendario acad\u00e9mico de la respectiva entidad territorial certificada. Para la Instituci\u00f3n Educativa Nueva Esperanza La Palma se establece de <span style=\"text-decoration: underline;\"><strong><em>6:45 am a 12:45<\/em><\/strong><\/span> pm, para <strong>b\u00e1sica secundaria y media<\/strong>; para <strong>b\u00e1sica primaria<\/strong> se establece<span style=\"text-decoration: underline;\"><em><strong> 6:45 am a 12:15 m<\/strong><\/em><\/span> y para <strong>preescolar<\/strong> de <span style=\"text-decoration: underline;\"><em><strong>7:00 a 12:00 am<\/strong><\/em><\/span>.<\/p><p>El horario de la jornada escolar permite a los estudiantes, el cumplimiento de las siguientes intensidades horarias m\u00ednimas, semanales y anuales, de actividades pedag\u00f3gicas relacionadas con las \u00e1reas obligatorias y fundamentales y con las asignaturas optativas, para cada uno de los grados de la educaci\u00f3n b\u00e1sica y media, las cuales se contabilizar\u00e1n en periodos efectivos de cincuenta y cinco (55) minutos y media hora de descanso dirigido y 6 horas de permanencia obligatoria.<\/p><p>Para b\u00e1sica primaria son 6 horas de permanencia y 5 horas de clases efectivas diarias con un descanso dirigido de 30 minutos. Para preescolar 6 horas de permanencia, 4 horas efectivas de clase y 30 minutos de descanso dirigido.<\/p><h4><strong>Cuando corresponda educaci\u00f3n en casa la Instituci\u00f3n establece los horarios teniendo en cuenta el nivel de los estudiantes, la intensidad horaria semanal y el acceso de los estudiantes a los recursos tecnol\u00f3gicos; de tal manera, que los docentes puedan distribuir las horas de permanencia obligatoria para atender las orientaciones pedag\u00f3gicas a estudiantes y a reforzar el acompa\u00f1amiento que deben prestar los padres y madres, as\u00ed como los acudientes. \u00a0<\/strong><\/h4>\t\t\t\t\t\t\t\t<\/div>\n\t\t\t\t<\/div>\n\t\t\t\t\t<\/div>\n\t\t<\/div>\n\t\t\t\t\t<\/div>\n\t\t<\/section>\n\t\t\t\t<\/div>\n\t\t","protected":false},"excerpt":{"rendered":"<p>Sedes Nueva Esperanza la Palma Ubicaci\u00f3n La Instituci\u00f3n se encuentra ubicada en el corregimiento 14 y tiene 2 sedes, La Palma y la Mie El corregimiento<span class=\"excerpt-hellip\"> [\u2026]<\/span><\/p>\n","protected":false},"author":1,"featured_media":0,"parent":0,"menu_order":0,"comment_status":"closed","ping_status":"closed","template":"","meta":{"footnotes":""},"class_list":["post-2350","page","type-page","status-publish","hentry"],"_links":{"self":[{"href":"https:\/\/nep.edu.co\/index.php\/wp-json\/wp\/v2\/pages\/2350","targetHints":{"allow":["GET"]}}],"collection":[{"href":"https:\/\/nep.edu.co\/index.php\/wp-json\/wp\/v2\/pages"}],"about":[{"href":"https:\/\/nep.edu.co\/index.php\/wp-json\/wp\/v2\/types\/page"}],"author":[{"embeddable":true,"href":"https:\/\/nep.edu.co\/index.php\/wp-json\/wp\/v2\/users\/1"}],"replies":[{"embeddable":true,"href":"https:\/\/nep.edu.co\/index.php\/wp-json\/wp\/v2\/comments?post=2350"}],"version-history":[{"count":0,"href":"https:\/\/nep.edu.co\/index.php\/wp-json\/wp\/v2\/pages\/2350\/revisions"}],"wp:attachment":[{"href":"https:\/\/nep.edu.co\/index.php\/wp-json\/wp\/v2\/media?parent=2350"}],"curies":[{"name":"wp","href":"https:\/\/api.w.org\/{rel}","templated":true}]}}